?
True
Is 6265 a multiple of 35?
True
Is 81 a factor of 979325?
False
Is 91980 a multiple of 20?
True
Is 81 a factor of 134406?
False
Does 3 divide 1136?
False
Does 24 divide 1289712?
True
Is 12 a factor of 39872?
False
Is 19 a factor of 11468664?
False
Is 56 a factor of 100240?
True
Does 16 divide 6729872?
True
Is 799045 a multiple of 647?
True
Does 394 divide 467017?
False
Is 684 a factor of 1836640?
False
Is 25 a factor of 3121500?
True
Does 210 divide 1001700?
True
Does 68 divide 34056?
False
Is 268 a factor of 80668?
True
Is 101745 a multiple of 133?
True
Does 309 divide 6138285?
True
Is 368 a factor of 2579680?
True
Is 20 a factor of 11120?
True
Does 124 divide 304792?
True
Does 13 divide 168020?
False
Does 546 divide 14335230?
True
Is 160835 a multiple of 20?
False
Does 8 divide 137369?
False
Does 15 divide 47475?
True
Is 9 a factor of 152829?
True
Is 129 a factor of 20043?
False
Does 3 divide 3557?
False
Is 80529 a multiple of 7?
False
Is 3570 a multiple of 5?
True
Does 46 divide 113569?
False
Is 38268 a multiple of 7?
False
Does 61 divide 1568445?
False
Does 350 divide 1171390?
False
Is 4 a factor of 98425?
False
Is 1129753 a multiple of 269?
False
Does 138 divide 1862586?
True
Is 552 a factor of 689655?
False
Is 408 a factor of 2404723?
False
Is 5 a factor of 378460?
True
Is 580130 a multiple of 22?
False
Does 94 divide 3351288?
True
Is 2358132 a multiple of 28?
True
Is 1272527 a multiple of 1005?
False
Does 90 divide 222853?
False
Does 18 divide 236682?
True
Is 261387 a multiple of 461?
True
Is 116629 a multiple of 10?
False
Does 39 divide 3729219?
True
Is 116 a factor of 61335?
False
Does 193 divide 4186771?
False
Is 941960 a multiple of 4?
True
Does 11 divide 329195?
False
Does 4 divide 1395188?
True
Does 27 divide 475929?
True
Is 197890 a multiple of 770?
True
Does 4 divide 107303?
False
Is 132530 a multiple of 290?
True
Does 15 divide 13815?
True
Does 173 divide 181304?
True
Is 1070528 a multiple of 64?
True
Does 14 divide 5465352?
False
Is 170739 a multiple of 53?
False
Is 366401 a multiple of 12?
False
Is 153 a factor of 122553?
True
Is 97108 a multiple of 43?
False
Does 5 divide 5530018?
False
Is 37472 a multiple of 32?
True
Is 5180568 a multiple of 11?
False
Does 364 divide 110537?
False
Is 74 a factor of 1862358?
True
Is 11506 a multiple of 11?
True
Does 1244 divide 7164196?
True
Does 130 divide 7191609?
False
Is 26 a factor of 28710?
False
Does 4 divide 832400?
True
Does 227 divide 2333106?
True
Is 1846 a factor of 9067997?
False
Is 45 a factor of 2863845?
True
Is 85 a factor of 3928114?
False
Does 124 divide 517216?
False
Does 230 divide 116610?
True
Is 568083 a multiple of 88?
False
Is 11615371 a multiple of 2362?
False
Does 54 divide 13077526?
False
Is 5628812 a multiple of 53?
True
Is 4 a factor of 84856?
True
Is 46 a factor of 832597?
False
Does 50 divide 23380000?
True
Does 218 divide 521110?
False
Does 33 divide 1434774?
True
Does 20 divide 489140?
True
Is 51 a factor of 5914878?
True
Is 19 a factor of 8351849?
True
Does 5 divide 496340?
True
Is 18 a factor of 7077462?
False
Is 5 a factor of 205579?
False
Is 175 a factor of 8095500?
True
Is 114 a factor of 580370?
False
Is 1807 a factor of 17186377?
True
Is 8494 even?
True
Is 27 a factor of 779739?
False
Is 558723 a multiple of 140?
False
Is 348870 a multiple of 442?
False
Is 218321 a multiple of 233?
True
Is 14 a factor of 122577?
False
Does 20 divide 238300?
True
Is 209646 a multiple of 114?
True
Does 44 divide 2919402?
False
Does 6 divide 419704?
False
Is 24064 a multiple of 4?
True
Is 488 a factor of 4527156?
False
Does 179 divide 6687977?
True
Is 39415 a multiple of 5?
True
Is 195 a factor of 184822?
False
Does 315 divide 78835?
False
Is 565294 a multiple of 46?
True
Does 126 divide 13656?
False
Is 6 a factor of 35653?
False
Is 23 a factor of 1464962?
True
Is 38 a factor of 97698?
True
Is 14 a factor of 304990?
True
Is 3 a factor of 28644?
True
Is 2365869 a multiple of 219?
False
Is 58 a factor of 1199440?
True
Is 32 a factor of 7151013?
False
Is 1128162 a multiple of 777?
False
Is 9 a factor of 142360?
False
Does 90 divide 26550?
True
Does 80 divide 4906980?
False
Is 10822 a multiple of 863?
False
Is 15 a factor of 49155?
True
Is 775794 a multiple of 254?
False
Is 43 a factor of 301516?
True
Is 69 a factor of 96669?
True
Is 9796 a multiple of 31?
True
Is 431 a factor of 1127065?
True
Is 23131 a multiple of 9?
False
Is 5 a factor of 563637?
False
Does 112 divide 452592?
True
Does 4 divide 2409335?
False
Is 7 a factor of 487525?
False
Is 13 a factor of 542022?
True
Is 5300313 a multiple of 13?
False
Does 195 divide 261885?
True
Is 2706 a multiple of 33?
True
Is 1952130 a multiple of 30?
True
Does 72 divide 1978363?
False
Is 12038152 a multiple of 14?
True
Does 571 divide 2862315?
False
Is 288 a factor of 4054057?
False
Is 11749465 a multiple of 245?
True
Is 797852 a multiple of 4?
True
Is 23 a factor of 2237095?
True
Is 102 a factor of 81090?
True
Is 31 a factor of 504990?
True
Is 267 a factor of 497154?
True
Is 27632 a multiple of 49?
False
Is 93 a factor of 7023?
False
Is 1131 a factor of 3303103?
False
Is 21 a factor of 2057070?
False
Does 31 divide 10448018?
False
Is 604912 a multiple of 154?
True
Is 13 a factor of 805557?
False
Does 22 divide 4176?
False
Does 167 divide 1054772?
True
Is 27 a factor of 4574382?
False
Does 698 divide 1168797?
False
Is 5187361 a multiple of 9?
False
Is 285 a factor of 2463899?
False
Is 507992 a multiple of 146?
False
Is 768305 a multiple of 233?
False
Is 320 a factor of 120960?
True
Is 139 a factor of 17119177?
False
Does 269 divide 370413?
True
Is 52 a factor of 1222280?
False
Is 1090480 a multiple of 20?
True
Does 30 divide 33283317?
False
Is 1475304 a multiple of 6?
True
Does 351 divide 64233?
True
Is 195 a factor of 1050597?
False
Does 260 divide 930?
False
Does 31 divide 5101019?
True
Does 136 divide 147560?
True
Does 10 divide 30660?
True
Is 75244 a multiple of 2?
True
Is 83 a factor of 1451919?
True
Does 5 divide 6459209?
False
Is 107 a factor of 54740?
False
Is 6048649 a multiple of 1177?
False
Is 34 a factor of 139611?
False
Is 160133 a multiple of 141?
False
Does 25 divide 6388225?
True
Does 254 divide 548386?
True
Is 925 a factor of 1377325?
True
Is 2 a factor of 110885?
False
Does 42 divide 3811969?
False
Does 228 divide 67032?
True
Does 4 divide 1645212?
True
Does 22 divide 6512?
True
Is 3905649 a multiple of 75?
False
Is 24 a factor of 274440?
True
Does 29 divide 17806?
True
Is 390 a factor of 106552?
False
Is 57 a factor of 2166?
True
Is 11 a factor of 766982?
False
Is 702528 a multiple of 96?
True
Does 685 divide 9081045?
True
Is 48240 a multiple of 24?
True
Is 1536084 a multiple of 12?
True
Is 317610 a multiple of 15?
True
Is 21378 a multiple of 42?
True
Is 77924 a multiple of 308?
True
Does 20 divide 612484?
False
Is 1703988 a multiple of 396?
True
Does 48 divide 126720?
True
Does 197 divide 196830?
False
Does 93 divide 1597089?
True
Does 3 divide 79632?
True
Does 11 divide 130691?
True
Is 134832 a multiple of 16?
True
Does 38 divide 1020809?
False
Is 59 a factor of 9284712?
True
Does 12 divide 91032?
True
Is 221 a factor of 368509?
False
Does 15 divide 1962060?
True
Is 2300696 a multiple of 124?
True
Does 7 divide 4852609?
False
Is 2 a factor of 112085?
False
Is 5 a factor of 386266?
False
Is 543 a factor of 4191512?
False
Is 76 a factor of 121752?
True
Is 3319624 a multiple of 136?
True
Is 68 a factor of 3572999?
False
Is 399 a factor of 1246270?
False
Is 3 a factor of 18194?
False
Does 4 divide 1438?
False
Is 410248 a multiple of 19?
True
Does 25 divide 73675?
True
Does 54 divide 671058?
True
Is 3674200 a multiple of 33?
False
Does 31 divide 154845?
True
Is 12 a factor of 458276?
False
Does 276 divide 157596?
True
Is 464 a factor of 390224?
True
Is 58 a factor of 406973?
False
Is 5385517 a multiple of 280?
False
Does 41 divide 421275?
True
Is 21098 a multiple of 26?
False
Is 4823487 a multiple of 4?
False
Is 21 a factor of 30682?
False
Does 24 divide 3336600?
True
Is 238 a factor of 229670?
True
Is 124913 a multiple of 10?
False
Does 178 divide 1046427?
False
Does 51 divide 560949?
True
Is 740 a factor of 4374140?
True
Does 7 divide 29110?
False
Is 286057 a multiple of 7?
False
Is 5578805 a multiple o